{"id":2,"date":"2013-12-02T09:05:17","date_gmt":"2013-12-02T07:05:17","guid":{"rendered":"http:\/\/drewes-minden.de\/?page_id=2"},"modified":"2021-09-22T13:51:52","modified_gmt":"2021-09-22T11:51:52","slug":"beispiel-seite","status":"publish","type":"page","link":"http:\/\/drewes-minden.de\/","title":{"rendered":"Aktuelles"},"content":{"rendered":"<p>Willkommen auf der Homepage meiner Kanzlei.<\/p>\n<p><strong>WIR ZIEHEN UM:<\/strong><\/p>\n<p>NEUE ADRESSE!<br \/>\nNEUE RUFNUMMER!<\/p>\n<p>Mit dem 30. September 2021 endet mein Standort in der Stiftstra\u00dfe.<\/p>\n<p><strong>Ab dem 1. Oktober 2021 begr\u00fc\u00dfe ich Sie gerne in meinen neuen R\u00e4umen:<\/strong><br \/>\n<strong>SIMEONSCARR\u00c9 2<\/strong><br \/>\n<strong>32423 MINDEN<\/strong><\/p>\n<p><strong>Telefon 05 71 &#8211; 9 55 94 30<\/strong><\/p>\n<p>Mit freundlichen Gr\u00fc\u00dfen<\/p>\n<p>Ihr<\/p>\n<p>Stefan Friedrich Drewes<br \/>\nRechtsanwalt &amp; Notar<\/p>\n","protected":false},"excerpt":{"rendered":"<p>Willkommen auf der Homepage meiner Kanzlei. WIR ZIEHEN UM: NEUE ADRESSE! NEUE RUFNUMMER! Mit dem 30. September 2021 endet mein Standort in der Stiftstra\u00dfe. Ab dem 1. Oktober 2021 begr\u00fc\u00dfe ich Sie gerne in meinen neuen R\u00e4umen: SIMEONSCARR\u00c9 2 32423 MINDEN Telefon 05 71 &#8211; 9 55 94 30 Mit freundlichen Gr\u00fc\u00dfen Ihr Stefan Friedrich [&hellip;]<\/p>\n","protected":false},"author":1,"featured_media":0,"parent":0,"menu_order":0,"comment_status":"closed","ping_status":"closed","template":"","meta":[],"_links":{"self":[{"href":"http:\/\/drewes-minden.de\/index.php?rest_route=\/wp\/v2\/pages\/2"}],"collection":[{"href":"http:\/\/drewes-minden.de\/index.php?rest_route=\/wp\/v2\/pages"}],"about":[{"href":"http:\/\/drewes-minden.de\/index.php?rest_route=\/wp\/v2\/types\/page"}],"author":[{"embeddable":true,"href":"http:\/\/drewes-minden.de\/index.php?rest_route=\/wp\/v2\/users\/1"}],"replies":[{"embeddable":true,"href":"http:\/\/drewes-minden.de\/index.php?rest_route=%2Fwp%2Fv2%2Fcomments&post=2"}],"version-history":[{"count":12,"href":"http:\/\/drewes-minden.de\/index.php?rest_route=\/wp\/v2\/pages\/2\/revisions"}],"predecessor-version":[{"id":42,"href":"http:\/\/drewes-minden.de\/index.php?rest_route=\/wp\/v2\/pages\/2\/revisions\/42"}],"wp:attachment":[{"href":"http:\/\/drewes-minden.de\/index.php?rest_route=%2Fwp%2Fv2%2Fmedia&parent=2"}],"curies":[{"name":"wp","href":"https:\/\/api.w.org\/{rel}","templated":true}]}}

<p>Willkommen auf der Homepage meiner Kanzlei.</p>
<p><strong>WIR ZIEHEN UM:</strong></p>
<p>NEUE ADRESSE!<br />
NEUE RUFNUMMER!</p>
<p>Mit dem 30. September 2021 endet mein Standort in der Stiftstraße.</p>
<p><strong>Ab dem 1. Oktober 2021 begrüße ich Sie gerne in meinen neuen Räumen:</strong><br />
<strong>SIMEONSCARRÉ 2</strong><br />
<strong>32423 MINDEN</strong></p>
<p><strong>Telefon 05 71 &#8211; 9 55 94 30</strong></p>
<p>Mit freundlichen Grüßen</p>
<p>Ihr</p>
<p>Stefan Friedrich Drewes<br />
Rechtsanwalt &amp; Notar</p>

<p>Willkommen auf der Homepage meiner Kanzlei. WIR ZIEHEN UM: NEUE ADRESSE! NEUE RUFNUMMER! Mit dem 30. September 2021 endet mein Standort in der Stiftstraße. Ab dem 1. Oktober 2021 begrüße ich Sie gerne in meinen neuen Räumen: SIMEONSCARRÉ 2 32423 MINDEN Telefon 05 71 &#8211; 9 55 94 30 Mit freundlichen Grüßen Ihr Stefan Friedrich [&hellip;]</p>
